5) to base 13.
-1867ac
Convert -1222150 (base 6) to base 13.
-2394c
Convert -6b047 (base 13) to base 10.
-195592
Convert -4147a06 (base 11) to base 3.
-111202201012111
Convert 2120213012 (base 5) to base 9.
8347440
Convert 111011110101001010 (base 2) to base 4.
323311022
What is 22213300 (base 4) in base 13?
16a56
What is -15439a7 (base 13) in base 3?
-110210202202110
6033132 (base 7) to base 16
ae5d6
Convert 952706 (base 11) to base 16.
1749a3
Convert -11310661 (base 8) to base 5.
-1112242004
Convert -537422 (base 11) to base 2.
-11010001101101111011
What is -44466602 (base 8) in base 10?
-9596290
Convert 40111353 (base 6) to base 4.
10103223111
What is -1450338 (base 10) in base 2?
-101100010000101100010
What is 11559 (base 16) in base 6?
1304413
1141223 (base 6) to base 12
2a813
What is -3c975 (base 14) in base 4?
-210220123
11320303131 (base 4) to base 16
178cdd
-71935 (base 10) to base 3
-10122200021
-14516331 (base 7) to base 3
-2121020211220
10202311200 (base 4) to base 5
301110024
Convert 110031 (base 9) to base 12.
31b9a
-2524736 (base 8) to base 3
-1022111122012
What is 11001001111111000 (base 2) in base 12?
4ba20
26c217 (base 15) to base 5
434112342
What is 2101022100 (base 4) in base 13?
17a828
What is 55f73 (base 16) in base 8?
1257563
Convert -466601 (base 9) to base 13.
-9a840
What is -100232245 (base 6) in base 4?
-12132330011
Convert 9360 (base 16) to base 5.
2201403
What is -22123023112 (base 4) in base 9?
-5124567
Convert 430343321 (base 5) to base 12.
732bb7
-8e4b4 (base 15) to base 12
-19a407
What is -210111202220 (base 3) in base 16?
-675d8
20544313 (base 6) to base 11
383535
What is -2a5d5 (base 14) in base 7?
-616255
374210 (base 11) to base 13
179143
Convert 2da40 (base 14) to base 3.
12211002111
What is 4b0671 (base 12) in base 6?
42124221
63479 (base 14) to base 7
2015412
Convert -3a6912 (base 14) to base 12.
-812718
What is 136185 (base 10) in base 11?
93355
228554 (base 11) to base 10
362696
Convert -10122002222 (base 4) to base 3.
-2011200200202
Convert 1113043 (base 6) to base 12.
28783
What is 149e0 (base 16) in base 13?
2c590
What is -24877 (base 13) in base 9?
-112354
875480 (base 9) to base 6
15110200
What is -4dce08 (base 15) in base 13?
-a0bcc2
Convert 1102010221 (base 3) to base 6.
332424
What is 111286 (base 9) in base 16?
10413
211110010120210 (base 3) to base 5
11023234021
-331132231 (base 4) to base 15
-4e931
Convert -6417156 (base 8) to base 12.
-6a66ba
93318 (base 12) to base 11
1214a2
-4347343 (base 11) to base 16
-748ab8
Convert -6316757 (base 8) to base 9.
-3137827
What is -5230013 (base 7) in base 13?
-190442
Convert 4131251 (base 6) to base 7.
1455013
What is 200451301 (base 6) in base 7?
40606126
Convert -1b842a (base 14) to base 7.
-11233253
Convert 27828 (base 13) to base 15.
16d5c
Convert b04a (base 12) to base 10.
19066
-ca5c2 (base 13) to base 10
-365705
Convert -3373c (base 13) to base 10.
-93508
Convert 4255510 (base 8) to base 16.
115b48
1167770 (base 8) to base 14
85cc8
Convert 100101010101011110110011 (base 2) to base 12.
333bb57
What is -135101540 (base 6) in base 8?
-12420304
-1432312544 (base 6) to base 2
-1000011101110100110110000
Convert 1000101101111 (base 2) to base 12.
26bb
Convert -3015200 (base 6) to base 10.
-142416
-1105201 (base 8) to base 14
-7a653
Convert 1474274 (base 9) to base 4.
3013121011
Convert -125a35 (base 12) to base 5.
-34103200
Convert 11d92 (base 14) to base 8.
125474
-358322 (base 12) to base 10
-864458
-2133112 (base 6) to base 7
-620033
What is -332634 (base 8) in base 5?
-12041103
What is 7bc6d (base 16) in base 13?
1499c2
-2581d (base 16) to base 11
-a5473
-10310201332 (base 4) to base 14
-24c794
-4475507 (base 9) to base 14
-46adba
What is -4638b (base 14) in base 9?
-280311
Convert -110011010111011100111 (base 2) to base 5.
-412330200
Convert -60123213 (base 7) to base 11.
-2890591
434005 (base 6) to base 10
35861
2a862 (base 11) to base 5
2344003
Convert -a8ce (base 15) to base 12.
-18828
30756 (base 8) to base 4
3013232
What is 1b9b022 (base 12) in base 7?
101252054
What is 32151232 (base 6) in base 13?
27247a
-1ea79 (base 16) to base 11
-86377
What is -11110000110010011 (base 2) in base 12?
-5b417
Convert -222550450 (base 6) to base 5.
-2014323300
Convert 122022122002222 (base 3) to base 9.
18278088
What is 403192 (base 11) in base 9?
1187415
7510a (base 16) to base 14
c6a5c
What is -321003231201 (base 4) in base 8?
-71035541
Convert 1110110101110110001101 (base 2) to base 14.
733bc1
Convert -254104 (base 6) to base 13.
-a594
What is 6416422 (base 7) in base 13?
213043
-32003002 (base 4) to base 5
-3320123
Convert -1224305 (base 8) to base 3.
-122011210212
Convert 116506 (base 7) to base 4.
11100031
What is -10a8a7 (base 15) in base 7?
-6521011
-112033023 (base 4) to base 7
-526356
What is 2641355 (base 7) in base 4?
1110202202
What is -146047 (base 8) in base 4?
-30300213
What is 85002 (base 14) in base 10?
321050
Convert 2197878 (base 13) to base 7.
153352425
-211332210031 (base 4) to base 12
-3401411
-1200132122 (base 4) to base 5
-100121122
What is 1000000101110101 (base 2) in base 16?
8175
What is -4363c (base 14) in base 4?
-213310312
What is -1425263 (base 8) in base 2?
-1100010101010110011
What is d8ab94 (base 14) in base 7?
116202444
Convert 274072a (base 12) to base 11.
444664a
Convert 8ba364 (base 12) to base 10.
2236540
1908d9 (base 14) to base 7
10345062
What is -347756a (base 12) in base 15?
-d4ae3a
10001101111101011 (base 2) to base 14
1c6b9
Convert -54613 (base 7) to base 3.
-200202201
Convert -110100111000010111 (base 2) to base 4.
-310320113
What is 4b997 (base 12) in base 9?
166707
What is 58045 (base 15) in base 3?
112020100102
82ca (base 16) to base 11
23179
Convert -26494c (base 15) to base 5.
-432304342
-9034117 (base 10) to base 3
-121222222110221
Convert -34043440 (base 5) to base 4.
-1021031132
Convert 20100323 (base 5) to base 13.
57775
Convert 9a268 (base 13) to base 15.
57be8
What is 850825 (base 13) in base 5?
1244131112
Convert -b7813 (base 12) to base 11.
-155378
What is 12561636 (base 7) in base 2?
100011010101100111010
Convert -13e97 (base 16) to base 13.
-2b17a
What is -11111533 (base 7) in base 6?
-32333044
Convert -238247 (base 10) to base 16.
-3a2a7
281c38 (base 14) to base 13
397a98
Convert -882b6a (base 15) to base 2.
-11000110000010011101101
Convert d4a83 (base 15) to base 14.
1378aa
What is 172026 (base 12) in base 3?
202012020010
Convert 250e3d (base 15) to base 13.
4a1c5b
-100101011001111 (base 2) to base 15
-5a1b
Convert 10101101001110001011011 (base 2) to base 13.
123976b
Convert -657a9 (base 11) to base 9.
-154854
What is e5af9 (base 16) in base 12?
394535
Convert -112112212122 (base 3) to base 9.
-475778
Convert 5780714 (base 11) to base 16.
9a2970
What is 31131042 (base 6) in base 5?
212221440
Convert -45a16 (base 12) to base 8.
-265562
Convert 392425 (base 10) to base 11.
248920
What is 23d8fb (base 16) in base 15?
316157
2160620 (base 10) to base 4
20033133230
Convert 4415162 (base 8) to base 4.
10201221302
Convert -1797948 (base 13) to base 14.
-1046109
-11120211222100 (base 3) to base 4
-21103021332
What is -92763 (base 13) in base 15?
-52c8c
-143401401 (base 5) to base 9
-1382233
Convert -4513233 (base 12) to base 9.
-26770603
What is 1100100000001011111 (base 2) in base 4?
1210001133
What is -220112100100 (base 3) in base 8?
-1657042
Convert 52a778 (base 14) to base 11.
1639911
What is -1711297 (base 13) in base 11?
-4233684
-214225533 (base 6) to base 3
-21020100122110
-5666735 (base 8) to base 7
-16023353
-22655150 (base 8) to base 10
-4938344
Convert -60392 (base 12) to base 13.
-44b52
Convert 3033131 (base 4) to base 6.
141245
Convert 3033114 (base 8) to base 12.
3271a4
What is 123a6 (base 13) in base 14?
c35c
b3dc20 (base 15) to base 6
503142433
-421535 (base 7) to base 14
-1c68c
Convert 203124 (base 9) to base 6.
2325204
-4726a3 (base 13) to base 14
-3201a0
What is 1a95a28 (base 13) in base 16?
866c19
What is 13304064 (base 7) in base 14?
23d8db
What is -66450 (base 14) in base 16?
-3c806
Convert -7590 (base 13) to base 6.
-203353
-2982561 (base 10) to base 14
-578d21
Convert 103365 (base 9) to base 5.
3432123
-21343131 (base 8) to base 12
-1646335
What is -1351241 (base 7) in base 